 -3*n**3 - 371*n**2 - 4500*n + 1051. Determine b(-110).
-49
Let x(t) = 791762*t + 1583529. What is x(-2)?
5
Let y(z) = 11*z**2 + 780*z - 136. Calculate y(-69).
-1585
Let y(u) = 4*u**3 + 5*u**2 - 50*u - 22. Determine y(5).
353
Let d(u) = -2*u**3 + 48*u**2 + 171*u + 62. Give d(-3).
35
Let q(j) = 2*j**3 - 3*j**2 - 14*j - 53. Calculate q(-5).
-308
Let i(j) = j**3 + 3185*j**2 - 35171*j + 172. Determine i(11).
7
Let d(j) = -16*j**3 + 231*j**2 + 135*j + 4. Give d(15).
4
Let q(v) = -3*v**3 - 54*v**2 + 13205*v + 1099. Give q(58).
-3
Let p(v) = v**2 + 587*v + 21320. What is p(-39)?
-52
Let t(y) = 2*y**3 - 7*y**2 - 704*y + 4040. Give t(6).
-4
Let v(w) = 10*w**3 + 2*w**2 + 709*w - 2127. Calculate v(3).
288
Let z(i) = i**3 + 119*i**2 - 3770*i - 14. Determine z(-145).
-14
Let w(h) = -h**2 - 2170*h + 243657. Determine w(107).
18
Let c(h) = -6*h**3 - 216*h**2 - 28*h - 444. Determine c(-36).
564
Let p(w) = -2*w**2 + 348*w - 4583. Calculate p(14).
-103
Let b(f) = -5*f**2 + 41*f + 1081. Calculate b(-11).
25
Let j(u) = 375*u**2 - 6373*u - 131. Give j(17).
-97
Let r(s) = s**3 + 3*s**2 - 904*s - 5325. Give r(-6).
-9
Let o(t) = -t**3 - 33*t**2 - 121*t - 305. Give o(-30).
625
Let i(c) = -235*c - 11673. Calculate i(-49).
-158
Let d(j) = 3*j**3 - 87*j**2 + 79*j + 29. Give d(28).
-111
Let k(m) = -363*m + 32915. What is k(92)?
-481
Let k(g) = 821*g**3 + 5*g**2 - g - 2. Calculate k(1).
823
Let z(j) = 371*j**2 + 21*j + 6. What is z(2)?
1532
Let a(u) = 2*u**2 + 136*u - 552. Determine a(6).
336
Let p(q) = 62*q + 12517. What is p(-197)?
303
Let p(n) = 108*n**2 - 29052*n - 29. Calculate p(269).
-29
Let q(l) = -2*l**3 + 91*l**2 - 136*l + 8381. Give q(46).
9
Let a(g) = -307*g - 3464. Give a(-10).
-394
Let u(k) = -32380*k - 193872. Give u(-6).
408
Let n(c) = 41*c**2 - 1618*c - 77. Give n(38).
-2357
Let g(d) = d**3 + 48*d**2 + 8*d - 4. What is g(0)?
-4
Let k(h) = -h**3 - 41*h**2 - 363*h + 176. Calculate k(-25).
-749
Let h(q) = 9*q**3 + 2391*q**2 - 797*q + 167. Determine h(-266).
-99
Let n(p) = p**3 + 105*p**2 - 2107*p - 1813. What is n(18)?
113
Let o(b) = 201360*b + 21545504. Calculate o(-107).
-16
Let p(a) = 5*a**2 + 528*a + 853. Give p(-104).
21
Let h(i) = -2390*i - 152961. Determine h(-64).
-1
Let p(r) = 67*r**2 + 141*r - 567. Determine p(4).
1069
Let q(g) = -634*g + 355693. Determine q(561).
19
Let q(c) = 149*c + 21778. Give q(-150).
-572
Let q(i) = -308*i + 14175. Calculate q(46).
7
Let i(f) = 2*f**3 + 42*f**2 - 23*f + 317. Determine i(-22).
-145
Let u(n) = 2*n**2 + 9*n - 551. Give u(-23).
300
Let w(z) = 4*z**3 - 8*z**2 + 15*z - 251. Determine w(5).
124
Let z(l) = -3*l**2 - 204*l + 575. Calculate z(-69).
368
Let v(h) = h**2 - 7017*h - 168979. Calculate v(-24).
5
Let x(i) = -29*i**2 - 571*i + 13. Calculate x(-20).
-167
Let v(k) = k**3 - 97*k**2 + 1044*k + 142. Calculate v(11).
1220
Let f(t) = -2109*t - 771838. What is f(-366)?
56
Let t(v) = -5458*v - 11265297. Give t(-2064).
15
Let a(w) = 3*w**2 - 220*w - 33325. What is a(-75)?
50
Let q(v) = v**3 - 18*v**2 - 58*v - 163. Calculate q(20).
-523
Let f(y) = -2*y**3 + 9*y - 11. Calculate f(-3).
16
Let r(m) = -m**3 - 13*m**2 + 229*m - 274. Calculate r(9).
5
Let b(u) = 358*u**2 - 6115*u + 501. Determine b(17).
8
Let p(v) = -2*v**2 - 3249*v + 1097240. What is p(287)?
39
Let f(m) = 14*m**2 + 462*m - 7087. What is f(14)?
2125
Let m(p) = -p**3 + 148*p**2 + 1597*p - 2601. Calculate m(158).
85
Let b(s) = -3*s**3 + 7*s**2 - 136*s + 632. Determine b(4).
8
Let n(h) = -7*h**2 - 882*h - 727. Give n(-125).
148
Let o(r) = -r**2 + 329741*r + 4286804. Determine o(-13).
2
Let o(j) = j**3 - 54*j**2 + 35*j - 4960. What is o(55)?
-10
Let n(s) = 149780*s + 149797. What is n(-1)?
17
Let p(r) = -r**3 - 178*r**2 - 2159*r - 384214. Calculate p(-178).
88
Let m(j) = -123*j**2 + 1126*j + 17. Give m(9).
188
Let b(s) = s**2 + 1568*s + 569242. Calculate b(-571).
-45
Let m(k) = 412*k**2 + 4930*k - 194. Give m(-12).
-26
Let t(r) = -789671*r - 10265730. Determine t(-13).
-7
Let v(m) = -2*m**3 + 186*m**2 + 395*m - 1394. Give v(95).
31
Let m(f) = -f**3 - 129*f**2 + 112*f - 2122. What is m(-130)?
218
Let k(q) = -138*q - 746. What is k(-10)?
634
Let j(v) = -v**3 - 137*v**2 + 2457*v - 141. Calculate j(16).
3
Let o(d) = 38*d + 1539. Determine o(-43).
-95
Let z(m) = m**3 - 87*m**2 - 1311*m + 7. Give z(-13).
150
Let p(o) = 333*o - 9236. What is p(25)?
-911
Let i(w) = 6*w**3 - 1088*w**2 - 55747*w - 654. Determine i(223).
15
Let f(i) = 2*i**2 - 581*i + 27582. Calculate f(61).
-417
Let s(u) = -2*u**2 + 504*u - 22664. Calculate s(61).
638
Let o(i) = -16188*i - 96971. Give o(-6).
157
Let q(u) = u**3 + 112*u**2 - 1890*u + 4824. What is q(12)?
0
Let x(f) = -167613*f - 167789. Give x(-1).
-176
Let z(q) = 49*q**2 - 1562*q - 4679. What is z(-3)?
448
Let w(m) = 4*m**2 - 2355*m + 25426. Give w(11).
5
Let y(t) = 2*t**2 - 200855*t + 1606801. What is y(8)?
89
Let h(q) = -19855*q - 138905. Calculate h(-7).
80
Let t(f) = 2*f**3 + 24*f**2 - 191*f - 250. Calculate t(-18).
-700
Let z(i) = -233*i**2 + 20034*i. Determine z(86).
-344
Let l(b) = 2766*b - 19085. Determine l(7).
277
Let v(q) = q**2 - 3777*q - 1629686. Calculate v(-391).
2
Let g(q) = 498*q**2 - 19422*q + 5. Determine g(39).
5
Let c(u) = -5322*u + 578. Determine c(0).
578
Let c(b) = 60236*b + 120470. Give c(-2).
-2
Let o(t) = 13210*t - 1492721. What is o(113)?
9
Let l(u) = -6457*u + 71128. What is l(11)?
101
Let j(b) = 2196*b + 362449. What is j(-165)?
109
Let q(d) = -126*d**2 - 418*d + 2145. Determine q(5).
-3095
Let j(p) = p**2 - 78*p + 296. What is j(8)?
-264
Let p(m) = m**3 - 31*m**2 + 433*m - 2679. Calculate p(17).
636
Let o(u) = -17*u**2 - 797*u - 279. Determine o(-45).
1161
Let a(w) = -6*w**2 - 6872*w - 81597. Give a(-12).
3
Let q(m) = 6*m**3 - 3*m**2 - 3918*m - 3916. What is q(-1)?
-7
Let g(p) = 3*p**3 + 633*p**2 + 634*p + 822. Determine g(-210).
-18
Let o(c) = -5500*c - 1154993. What is o(-210)?
7
Let h(p) = p**3 - 330*p**2 - 4460*p + 319. What is h(343)?
-24
Let a(r) = 36*r**3 + 293*r**2 + 15*r - 31. Give a(-8).
169
Let i(p) = -p**3 + 3*p**2 - 53*p - 108. Determine i(0).
-108
Let k(b) = 4322*b + 60500. Calculate k(-14).
-8
Let f(m) = m**3 + 31*m**2 - 69*m - 2139. Determine f(-31).
0
Let s(b) = 25176*b + 176204. Calculate s(-7).
-28
Let s(z) = -194*z**2 - 13486*z + 203. Give s(-69).
7103
Let y(u) = -2*u**3 + 569*u**2 - 1636*u + 547477. Determine y(285).
-8
Let r(t) = t**3 + 396*t**2 + 11639*t - 3275. What is r(-364)?
1
Let w(k) = 3*k**3 + 751*k**2 + 992*k - 633. Calculate w(-249).
363
Let j(m) = -62*m**2 - 1357*m - 2266. What is j(-20)?
74
Let s(f) = -17*f**2 + 806*f - 7768. Give s(34).
-16
Let c(z) = z**3 + 126*z**2 - 5579*z + 52902. Calculate c(16).
-10
Let c(a) = -15225*a - 121634. Determine c(-8).
166
Let i(x) = 5*x**2 + 119*x - 1160. What is i(9)?
316
Let q(f) = f**3 + 6*f**2 - 182*f + 77. Give q(-17).
-8
Let x(k) = -2556*k**2 + 373225*k - 7159. Give x(146).
-5
Let q(z) = -1479*z + 149267. Calculate q(102).
-1591
Let a(i) = i**3 - 52*i**2 - 2236*i - 258. Calculate a(80).
62
Let m(i) = 2*i**2 + 239*i + 4860. Determine m(-91).
-327
Let k(g) = 5*g**3 - 291*g**2 - 247*g - 188. Determine k(59).
-837
Let t(q) = -q**3 - 15*q**2 - 13196*q - 118234. Give t(-9).
44
Let z(h) = 173*h**2 + 41401*h + 12915. Calculate z(-239).
9
Let w(u) = -u**2 + 442*u + 7298. Determine w(-17).
-505
Let s(j) = -j**3 - 74*j**2 - 144*j - 5312. What is s(-73)?
-129
Let n(h) = -h**2 + 79*h - 1519. Give n(33).
-1
Let g(b) = -3*b**3 + 28*b**2 - 149*b + 61. Determine g(5).
-359
Let z(i) = -i**3 - 26*i**2 + 135*i + 1077. Give z(-28).
-1135
Let q(y) = 2412*y + 21777. Give q(-9).
69
Let g(p) = -p**2 + 3*p + 3798. Determine g(-56).
494
Let s(t) = t**2 + 2986*t + 14908. Give s(-5).
3
Let l(r) = 54*r**3 - 757*r**2 + 1311*r - 30. Calculate l(12).
6
Let o(f) = -7938*f - 770731. Give o(-97).
-745
Let u(r) = -9*r**3 - 69*r**2 - 9*r - 33. What is u(-5)?
-588
Let d(m) = -11*m**3 + 9*m**2 - 6*m + 122. Determine d(5).
-1058
Let h(a) = a**2 + 56626*a + 4749534. What is h(-84)?
6
Let v(h) = 13*h**3 - 3*h**2 + 14*h + 31. What is v(0)?
31
Let m(w) = 9352*w + 9352. Give m(-1).
0
Let x(i) = -184*i**2 - 403*i - 1193. Determine x(-3).
-1640
Let z(i) = -244*i**2 - 72*i - 145. Calculate z(-2).
-977
Let j(c) = -c**3 + 18*c**2 - 504*c + 8300. Calculate j(17).
21
Let l(y) = -1841*